{"id":4727,"date":"2016-12-08T15:37:00","date_gmt":"2016-12-08T15:37:00","guid":{"rendered":"https:\/\/gotravel.qodeinteractive.com\/?page_id=4523"},"modified":"2016-12-08T15:37:00","modified_gmt":"2016-12-08T15:37:00","slug":"zoom-slider-draft-2","status":"publish","type":"page","link":"https:\/\/www.rutasecoturisticas.com\/index.php\/zoom-slider-draft-2\/","title":{"rendered":"Zoom Slider Draft 2"},"content":{"rendered":"<p>[vc_row][vc_column][rev_slider_vc alias=\u00bbken-burns\u00bb][\/vc_column][\/vc_row][vc_row content_width=\u00bbgrid\u00bb css=\u00bb.vc_custom_1481211601221{padding-top: 119px !important;padding-bottom: 71px !important;}\u00bb][vc_column offset=\u00bbvc_col-md-6&#8243;][vc_column_text]<\/p>\n<h3>About Us<\/h3>\n<p>[\/vc_column_text][vc_empty_space height=\u00bb15&#8243;][vc_column_text]This is Photoshop&#8217;s version\u00a0 of Lorem Ipsum. Proin gravida nibh vel velit auctor aliquet. Aenean sollicitudin, lorem quis bibendum auctor, nisi elit consequat ipsum, nec sagittis sem nibh id elit. Duis sed odio sit amet nibh vulputate cursus a sit amet mauris. Morbi accumsan ipsum velit. Nam nec tellus a odio tincidunt auctor a ornare odio. Sed non\u00a0 mauris vitae erat consequat auctor eu in elit. Class aptent taciti sociosqu ad litora.[\/vc_column_text][vc_empty_space height=\u00bb50&#8243;][\/vc_column][vc_column offset=\u00bbvc_col-md-6&#8243;][vc_column_text]<\/p>\n<h3>Our Mission<\/h3>\n<p>[\/vc_column_text][vc_empty_space height=\u00bb15&#8243;][vc_column_text]Nam nec tellus a odio tincidunt auctor a ornare odio. Sed non\u00a0 mauris vitae erat consequat auctor eu in elit. Class aptent taciti sociosqu ad litora torquent per conubia. This is Photoshop&#8217;s version\u00a0 of Lorem Ipsum. Proin gravida nibh vel velit auctor aliquet. Aenean sollicitudin, lorem quis bibendum auctor, nisi elit consequat ipsum, nec sagittis sem nibh id elit. Duis sed odio sit amet nibh vulputate cursus a sit amet mauris.[\/vc_column_text][vc_empty_space height=\u00bb50&#8243;][\/vc_column][\/vc_row][vc_row content_aligment=\u00bbcenter\u00bb css=\u00bb.vc_custom_1478096662697{padding-top: 122px !important;padding-bottom: 130px !important;background-color: #f8f8f8 !important;}\u00bb][vc_column][vc_column_text]<\/p>\n<h2>POPULAR TOURS<\/h2>\n<p>[\/vc_column_text]<div class=\"mkdf-elements-holder mkdf-responsive-mode-768\" ><div class=\"mkdf-eh-item mkdf-horizontal-alignment-center\"   data-item-class=\"mkdf-eh-custom-719943\" data-1280-1600=\"21px 26% 0 26%\" data-1024-1280=\"21px 25% 0 25%\" data-768-1024=\"21px 19% 0 19%\" data-600-768=\"21px 7% 0 7%\" data-480-600=\"21px 5% 0 5%\" data-480=\"21px 5% 0 5%\">\n\t<div class=\"mkdf-eh-item-inner\">\n\t\t<div class=\"mkdf-eh-item-content mkdf-eh-custom-719943\" style=\"padding: 21px 32% 20px 32%\">\n\t\t\t\n<h6 class=\"mkdf-custom-font-holder\" style=\"color: #808285\">\nLorem ipsum dolor sit amet This is Photoshop\u2019s version of Lorem Ipsn gravida. Ing business like this takes much more effort than doing your own.<\/h6>\t\t<\/div>\n\t<\/div>\n<\/div><\/div>[vc_row_inner content_width=\u00bbgrid\u00bb css=\u00bb.vc_custom_1478096656595{padding-top: 40px !important;}\u00bb][vc_column_inner]<div class=\"mkdf-tours-list-holder \">\n\t\t\t<p>No encontramos tours disponibles intenta otro destino o comunicate por WhatsApp<\/p>\n\t\t<\/div>[\/vc_column_inner][\/vc_row_inner][\/vc_column][\/vc_row][vc_row row_type=\u00bbparallax\u00bb full_screen_section_height=\u00bbno\u00bb parallax_background_image=\u00bb3160&#8243; css=\u00bb.vc_custom_1481277863702{padding-top: 105px !important;padding-bottom: 119px !important;}\u00bb][vc_column]<div class=\"mkdf-elements-holder mkdf-responsive-mode-768\" ><div class=\"mkdf-eh-item mkdf-horizontal-alignment-center\"   data-item-class=\"mkdf-eh-custom-604118\" data-1280-1600=\"0% 23% 0% 23%\" data-1024-1280=\"0% 18% 0% 18%\" data-768-1024=\"0% 12% 0% 12%\" data-600-768=\"0% 5% 0% 5%\" data-480-600=\"0% 5% 0% 5%\" data-480=\"0% 5% 0% 5% \">\n\t<div class=\"mkdf-eh-item-inner\">\n\t\t<div class=\"mkdf-eh-item-content mkdf-eh-custom-604118\" style=\"padding: 0% 29% 0% 29% \">\n\t\t\t<div class=\"mkdf-testimonials-holder clearfix light\"><div class=\"mkdf-testimonials testimonials-slider\" ><div id=\"mkdf-testimonials101\" class=\"mkdf-testimonial-content testimonials-slider\">\n\t<div class=\"mkdf-testimonial-content-inner\">\n\t\t<div class=\"mkdf-testimonial-text-holder\">\n\t\t\t<div class=\"mkdf-testimonial-text-inner light\">\n\t\t\t\t\t\t\t\t\t<h2 class=\"mkdf-testimonial-title light\">TURQUIA<\/h2>\n\t\t\t\t\t\t\t\t<p class=\"mkdf-testimonial-text\">Viajar a Turqu\u00eda con mi pareja fue un sue\u00f1o hecho realidad gracias a Rutas Ecotur\u00edsticas. Todo estuvo perfectamente organizado y pudimos disfrutar sin preocupaciones. Capadocia y Estambul fueron inolvidables. \u00a1Los recomendamos totalmente!<\/p>\n\t\t\t\t\t\t\t\t\t<div class=\"mkdf-testimonial-author\">\n\t\t\t\t\t\t<h5 class=\"mkdf-testimonial-author-text light\">Alejandro Mogoll\u00f3n, <\/h5>\n\t\t\t\t\t\t\t\t\t\t\t<\/div>\n\t\t\t\t\t\t\t<\/div>\n\t\t<\/div>\n\t<\/div>\n<\/div>\n<div id=\"mkdf-testimonials100\" class=\"mkdf-testimonial-content testimonials-slider\">\n\t<div class=\"mkdf-testimonial-content-inner\">\n\t\t<div class=\"mkdf-testimonial-text-holder\">\n\t\t\t<div class=\"mkdf-testimonial-text-inner light\">\n\t\t\t\t\t\t\t\t\t<h2 class=\"mkdf-testimonial-title light\">PERU<\/h2>\n\t\t\t\t\t\t\t\t<p class=\"mkdf-testimonial-text\">Nuestra experiencia en Per\u00fa con Rutas Ecotur\u00edsticas fue excelente. Machu Picchu y el Valle Sagrado fueron incre\u00edbles, y la log\u00edstica estuvo impecable. Nos sentimos acompa\u00f1ados en todo momento. Sin duda volver\u00edamos a viajar con ellos.<\/p>\n\t\t\t\t\t\t\t\t\t<div class=\"mkdf-testimonial-author\">\n\t\t\t\t\t\t<h5 class=\"mkdf-testimonial-author-text light\">Gustavo Florez, <\/h5>\n\t\t\t\t\t\t\t\t\t\t\t<\/div>\n\t\t\t\t\t\t\t<\/div>\n\t\t<\/div>\n\t<\/div>\n<\/div>\n<div id=\"mkdf-testimonials99\" class=\"mkdf-testimonial-content testimonials-slider\">\n\t<div class=\"mkdf-testimonial-content-inner\">\n\t\t<div class=\"mkdf-testimonial-text-holder\">\n\t\t\t<div class=\"mkdf-testimonial-text-inner light\">\n\t\t\t\t\t\t\t\t\t<h2 class=\"mkdf-testimonial-title light\">Punta Cana<\/h2>\n\t\t\t\t\t\t\t\t<p class=\"mkdf-testimonial-text\">Nuestro viaje familiar a Punta Cana fue maravilloso. Todo estuvo muy bien coordinado y pudimos disfrutar sin estr\u00e9s. Fue una experiencia llena de momentos especiales. \u00a1Gracias a Rutas Ecotur\u00edsticas por hacerlo posible!<\/p>\n\t\t\t\t\t\t\t\t\t<div class=\"mkdf-testimonial-author\">\n\t\t\t\t\t\t<h5 class=\"mkdf-testimonial-author-text light\">Pablo Gonzalez, <\/h5>\n\t\t\t\t\t\t\t\t\t\t\t<\/div>\n\t\t\t\t\t\t\t<\/div>\n\t\t<\/div>\n\t<\/div>\n<\/div>\n<\/div><\/div>\t\t<\/div>\n\t<\/div>\n<\/div><\/div>[\/vc_column][\/vc_row][vc_row content_aligment=\u00bbcenter\u00bb css=\u00bb.vc_custom_1481276591547{padding-top: 122px !important;}\u00bb][vc_column][vc_column_text]<\/p>\n<h2>MEET THE TEAM<\/h2>\n<p>[\/vc_column_text]<div class=\"mkdf-elements-holder mkdf-responsive-mode-768\" ><div class=\"mkdf-eh-item mkdf-horizontal-alignment-center\"   data-item-class=\"mkdf-eh-custom-823388\" data-1280-1600=\"21px 26% 0 26%\" data-1024-1280=\"21px 25% 0 25%\" data-768-1024=\"21px 19% 0 19%\" data-600-768=\"21px 7% 0 7%\" data-480-600=\"21px 5% 0 5%\" data-480=\"21px 5% 0 5%\">\n\t<div class=\"mkdf-eh-item-inner\">\n\t\t<div class=\"mkdf-eh-item-content mkdf-eh-custom-823388\" style=\"padding: 21px 32% 20px 32%\">\n\t\t\t\n<h6 class=\"mkdf-custom-font-holder\" style=\"color: #808285\">\nLorem ipsum dolor sit amet This is Photoshop\u2019s version of Lorem Ipsn gravida. Ing business like this takes much more effort than doing your own.<\/h6>\t\t<\/div>\n\t<\/div>\n<\/div><\/div>[\/vc_column][\/vc_row][vc_row content_width=\u00bbgrid\u00bb css=\u00bb.vc_custom_1481277876959{padding-top: 40px !important;padding-bottom: 50px !important;}\u00bb][vc_column width=\u00bb1\/2&#8243; offset=\u00bbvc_col-lg-3&#8243;]<div class=\"mkdf-team main-info-below-image\">\n\t<div class=\"mkdf-team-inner\">\n\t\t\t\t\t<div class=\"mkdf-team-image\">\n\t\t\t\t<img decoding=\"async\" src=\"\" alt=\"Team Image Alt\"\/>\n\t\t\t<\/div>\n\t\t\n\t\t\t\t\t<div class=\"mkdf-team-info\">\n\t\t\t\t\t\t\t\t\t<div class=\"mkdf-team-title-holder normal\">\n\t\t\t\t\t\t\t\t\t\t\t\t\t<h4 class=\"mkdf-team-name \">\n\t\t\t\t\t\t\t\tBrittany Miller\t\t\t\t\t\t\t<\/h4>\n\t\t\t\t\t\t\t\t\t\t\t\t\t\t\t\t\t<\/div>\n\t\t\t\t\n\t\t\t\t\t\t\t\t\t<div class='mkdf-team-text'>\n\t\t\t\t\t\t<div class='mkdf-team-text-inner'>\n\t\t\t\t\t\t\t<div class='mkdf-team-description '>\n\t\t\t\t\t\t\t\t<p>This is Photoshop&#039;s version of Lorem Ipsum gravida nibh vel valiq uetne asollicitu din lorem<\/p>\n\t\t\t\t\t\t\t<\/div>\n\t\t\t\t\t\t<\/div>\n\t\t\t\t\t<\/div>\n\t\t\t\t\n\t\t<div class=\"mkdf-team-social-holder-between\">\n\t\t\t<div class=\"mkdf-team-social normal\">\n\t\t\t\t<div class=\"mkdf-team-social-inner\">\n\t\t\t\t\t<div class=\"mkdf-team-social-wrapp\">\n\n\t\t\t\t\t\t    <span class=\"mkdf-icon-shortcode normal \"  >\n                    <a class=\"\" href=\"http:\/\/instagram.com\" target=\"_blank\">\n                    <span aria-hidden=\"true\" class=\"mkdf-icon-font-elegant social_instagram mkdf-icon-element\" style=\"\" ><\/span>                    <\/a>\n            <\/span>\n    <span class=\"mkdf-icon-shortcode normal \"  >\n                    <a class=\"\" href=\"http:\/\/www.facebook.com\" target=\"_blank\">\n                    <span aria-hidden=\"true\" class=\"mkdf-icon-font-elegant social_facebook mkdf-icon-element\" style=\"\" ><\/span>                    <\/a>\n            <\/span>\n    <span class=\"mkdf-icon-shortcode normal \"  >\n                    <a class=\"\" href=\"http:\/\/twitter.com\" target=\"_blank\">\n                    <span aria-hidden=\"true\" class=\"mkdf-icon-font-elegant social_twitter mkdf-icon-element\" style=\"\" ><\/span>                    <\/a>\n            <\/span>\n    <span class=\"mkdf-icon-shortcode normal \"  >\n                    <a class=\"\" href=\"https:\/\/www.linkedin.com\" target=\"_blank\">\n                    <span aria-hidden=\"true\" class=\"mkdf-icon-font-elegant social_linkedin mkdf-icon-element\" style=\"\" ><\/span>                    <\/a>\n            <\/span>\n\n\t\t\t\t\t<\/div>\n\t\t\t\t<\/div>\n\t\t\t<\/div>\n\t\t<\/div>\n\n\t<\/div>\n<\/div>\n<\/div>[vc_empty_space height=\u00bb63&#8243;][\/vc_column][vc_column width=\u00bb1\/2&#8243; offset=\u00bbvc_col-lg-3&#8243;]<div class=\"mkdf-team main-info-below-image\">\n\t<div class=\"mkdf-team-inner\">\n\t\t\t\t\t<div class=\"mkdf-team-image\">\n\t\t\t\t<img decoding=\"async\" src=\"https:\/\/www.rutasecoturisticas.com\/wp-content\/uploads\/2016\/10\/team-3.jpg\" alt=\"Team Image Alt\"\/>\n\t\t\t<\/div>\n\t\t\n\t\t\t\t\t<div class=\"mkdf-team-info\">\n\t\t\t\t\t\t\t\t\t<div class=\"mkdf-team-title-holder normal\">\n\t\t\t\t\t\t\t\t\t\t\t\t\t<h4 class=\"mkdf-team-name \">\n\t\t\t\t\t\t\t\tBenjamin Reynolds\t\t\t\t\t\t\t<\/h4>\n\t\t\t\t\t\t\t\t\t\t\t\t\t\t\t\t\t<\/div>\n\t\t\t\t\n\t\t\t\t\t\t\t\t\t<div class='mkdf-team-text'>\n\t\t\t\t\t\t<div class='mkdf-team-text-inner'>\n\t\t\t\t\t\t\t<div class='mkdf-team-description '>\n\t\t\t\t\t\t\t\t<p>This is Photoshop&#039;s version of Lorem Ipsum gravida nibh vel valiq uetne asollicitu din lorem<\/p>\n\t\t\t\t\t\t\t<\/div>\n\t\t\t\t\t\t<\/div>\n\t\t\t\t\t<\/div>\n\t\t\t\t\n\t\t<div class=\"mkdf-team-social-holder-between\">\n\t\t\t<div class=\"mkdf-team-social normal\">\n\t\t\t\t<div class=\"mkdf-team-social-inner\">\n\t\t\t\t\t<div class=\"mkdf-team-social-wrapp\">\n\n\t\t\t\t\t\t    <span class=\"mkdf-icon-shortcode normal \"  >\n                    <a class=\"\" href=\"http:\/\/instagram.com\" target=\"_blank\">\n                    <span aria-hidden=\"true\" class=\"mkdf-icon-font-elegant social_instagram mkdf-icon-element\" style=\"\" ><\/span>                    <\/a>\n            <\/span>\n    <span class=\"mkdf-icon-shortcode normal \"  >\n                    <a class=\"\" href=\"http:\/\/www.facebook.com\" target=\"_blank\">\n                    <span aria-hidden=\"true\" class=\"mkdf-icon-font-elegant social_facebook mkdf-icon-element\" style=\"\" ><\/span>                    <\/a>\n            <\/span>\n    <span class=\"mkdf-icon-shortcode normal \"  >\n                    <a class=\"\" href=\"http:\/\/twitter.com\" target=\"_blank\">\n                    <span aria-hidden=\"true\" class=\"mkdf-icon-font-elegant social_twitter mkdf-icon-element\" style=\"\" ><\/span>                    <\/a>\n            <\/span>\n    <span class=\"mkdf-icon-shortcode normal \"  >\n                    <a class=\"\" href=\"https:\/\/www.linkedin.com\" target=\"_blank\">\n                    <span aria-hidden=\"true\" class=\"mkdf-icon-font-elegant social_linkedin mkdf-icon-element\" style=\"\" ><\/span>                    <\/a>\n            <\/span>\n\n\t\t\t\t\t<\/div>\n\t\t\t\t<\/div>\n\t\t\t<\/div>\n\t\t<\/div>\n\n\t<\/div>\n<\/div>\n<\/div>[vc_empty_space height=\u00bb63&#8243;][\/vc_column][vc_column width=\u00bb1\/2&#8243; offset=\u00bbvc_col-lg-3&#8243;]<div class=\"mkdf-team main-info-below-image\">\n\t<div class=\"mkdf-team-inner\">\n\t\t\t\t\t<div class=\"mkdf-team-image\">\n\t\t\t\t<img decoding=\"async\" src=\"https:\/\/www.rutasecoturisticas.com\/wp-content\/uploads\/2016\/10\/team-4.jpg\" alt=\"Team Image Alt\"\/>\n\t\t\t<\/div>\n\t\t\n\t\t\t\t\t<div class=\"mkdf-team-info\">\n\t\t\t\t\t\t\t\t\t<div class=\"mkdf-team-title-holder normal\">\n\t\t\t\t\t\t\t\t\t\t\t\t\t<h4 class=\"mkdf-team-name \">\n\t\t\t\t\t\t\t\tCarol Aguilar\t\t\t\t\t\t\t<\/h4>\n\t\t\t\t\t\t\t\t\t\t\t\t\t\t\t\t\t<\/div>\n\t\t\t\t\n\t\t\t\t\t\t\t\t\t<div class='mkdf-team-text'>\n\t\t\t\t\t\t<div class='mkdf-team-text-inner'>\n\t\t\t\t\t\t\t<div class='mkdf-team-description '>\n\t\t\t\t\t\t\t\t<p>This is Photoshop&#039;s version of Lorem Ipsum gravida nibh vel valiq uetne asollicitu din lorem<\/p>\n\t\t\t\t\t\t\t<\/div>\n\t\t\t\t\t\t<\/div>\n\t\t\t\t\t<\/div>\n\t\t\t\t\n\t\t<div class=\"mkdf-team-social-holder-between\">\n\t\t\t<div class=\"mkdf-team-social normal\">\n\t\t\t\t<div class=\"mkdf-team-social-inner\">\n\t\t\t\t\t<div class=\"mkdf-team-social-wrapp\">\n\n\t\t\t\t\t\t    <span class=\"mkdf-icon-shortcode normal \"  >\n                    <a class=\"\" href=\"http:\/\/instagram.com\" target=\"_blank\">\n                    <span aria-hidden=\"true\" class=\"mkdf-icon-font-elegant social_instagram mkdf-icon-element\" style=\"\" ><\/span>                    <\/a>\n            <\/span>\n    <span class=\"mkdf-icon-shortcode normal \"  >\n                    <a class=\"\" href=\"http:\/\/www.facebook.com\" target=\"_blank\">\n                    <span aria-hidden=\"true\" class=\"mkdf-icon-font-elegant social_facebook mkdf-icon-element\" style=\"\" ><\/span>                    <\/a>\n            <\/span>\n    <span class=\"mkdf-icon-shortcode normal \"  >\n                    <a class=\"\" href=\"http:\/\/twitter.com\" target=\"_blank\">\n                    <span aria-hidden=\"true\" class=\"mkdf-icon-font-elegant social_twitter mkdf-icon-element\" style=\"\" ><\/span>                    <\/a>\n            <\/span>\n    <span class=\"mkdf-icon-shortcode normal \"  >\n                    <a class=\"\" href=\"https:\/\/www.linkedin.com\" target=\"_blank\">\n                    <span aria-hidden=\"true\" class=\"mkdf-icon-font-elegant social_linkedin mkdf-icon-element\" style=\"\" ><\/span>                    <\/a>\n            <\/span>\n\n\t\t\t\t\t<\/div>\n\t\t\t\t<\/div>\n\t\t\t<\/div>\n\t\t<\/div>\n\n\t<\/div>\n<\/div>\n<\/div>[vc_empty_space height=\u00bb63&#8243;][\/vc_column][vc_column width=\u00bb1\/2&#8243; offset=\u00bbvc_col-lg-3&#8243;]<div class=\"mkdf-team main-info-below-image\">\n\t<div class=\"mkdf-team-inner\">\n\t\t\t\t\t<div class=\"mkdf-team-image\">\n\t\t\t\t<img decoding=\"async\" src=\"https:\/\/www.rutasecoturisticas.com\/wp-content\/uploads\/2016\/10\/team-5.jpg\" alt=\"Team Image Alt\"\/>\n\t\t\t<\/div>\n\t\t\n\t\t\t\t\t<div class=\"mkdf-team-info\">\n\t\t\t\t\t\t\t\t\t<div class=\"mkdf-team-title-holder normal\">\n\t\t\t\t\t\t\t\t\t\t\t\t\t<h4 class=\"mkdf-team-name \">\n\t\t\t\t\t\t\t\tLawrence Perkins\t\t\t\t\t\t\t<\/h4>\n\t\t\t\t\t\t\t\t\t\t\t\t\t\t\t\t\t<\/div>\n\t\t\t\t\n\t\t\t\t\t\t\t\t\t<div class='mkdf-team-text'>\n\t\t\t\t\t\t<div class='mkdf-team-text-inner'>\n\t\t\t\t\t\t\t<div class='mkdf-team-description '>\n\t\t\t\t\t\t\t\t<p>This is Photoshop&#039;s version of Lorem Ipsum gravida nibh vel valiq uetne asollicitu din lorem<\/p>\n\t\t\t\t\t\t\t<\/div>\n\t\t\t\t\t\t<\/div>\n\t\t\t\t\t<\/div>\n\t\t\t\t\n\t\t<div class=\"mkdf-team-social-holder-between\">\n\t\t\t<div class=\"mkdf-team-social normal\">\n\t\t\t\t<div class=\"mkdf-team-social-inner\">\n\t\t\t\t\t<div class=\"mkdf-team-social-wrapp\">\n\n\t\t\t\t\t\t    <span class=\"mkdf-icon-shortcode normal \"  >\n                    <a class=\"\" href=\"http:\/\/instagram.com\" target=\"_blank\">\n                    <span aria-hidden=\"true\" class=\"mkdf-icon-font-elegant social_instagram mkdf-icon-element\" style=\"\" ><\/span>                    <\/a>\n            <\/span>\n    <span class=\"mkdf-icon-shortcode normal \"  >\n                    <a class=\"\" href=\"http:\/\/www.facebook.com\" target=\"_blank\">\n                    <span aria-hidden=\"true\" class=\"mkdf-icon-font-elegant social_facebook mkdf-icon-element\" style=\"\" ><\/span>                    <\/a>\n            <\/span>\n    <span class=\"mkdf-icon-shortcode normal \"  >\n                    <a class=\"\" href=\"http:\/\/twitter.com\" target=\"_blank\">\n                    <span aria-hidden=\"true\" class=\"mkdf-icon-font-elegant social_twitter mkdf-icon-element\" style=\"\" ><\/span>                    <\/a>\n            <\/span>\n    <span class=\"mkdf-icon-shortcode normal \"  >\n                    <a class=\"\" href=\"https:\/\/www.linkedin.com\" target=\"_blank\">\n                    <span aria-hidden=\"true\" class=\"mkdf-icon-font-elegant social_linkedin mkdf-icon-element\" style=\"\" ><\/span>                    <\/a>\n            <\/span>\n\n\t\t\t\t\t<\/div>\n\t\t\t\t<\/div>\n\t\t\t<\/div>\n\t\t<\/div>\n\n\t<\/div>\n<\/div>\n<\/div>[vc_empty_space height=\u00bb63&#8243;][\/vc_column][\/vc_row][vc_row row_type=\u00bbparallax\u00bb content_aligment=\u00bbcenter\u00bb full_screen_section_height=\u00bbno\u00bb css=\u00bb.vc_custom_1481279006166{padding-top: 122px !important;padding-bottom: 186px !important;background-image: url(https:\/\/gotravel.qodeinteractive.com\/wp-content\/uploads\/2016\/10\/home-parallax.jpg?id=4260) !important;}\u00bb][vc_column][vc_column_text]<\/p>\n<h2><span style=\"color: #ffffff;\">TOUR TYPE<\/span><\/h2>\n<p>[\/vc_column_text]<div class=\"mkdf-elements-holder mkdf-responsive-mode-768\" ><div class=\"mkdf-eh-item mkdf-horizontal-alignment-center\"   data-item-class=\"mkdf-eh-custom-341271\" data-1280-1600=\"21px 26% 0 26%\" data-1024-1280=\"21px 25% 0 25%\" data-768-1024=\"21px 19% 0 19%\" data-600-768=\"21px 7% 0 7%\" data-480-600=\"21px 5% 0 5%\" data-480=\"21px 5% 0 5%\">\n\t<div class=\"mkdf-eh-item-inner\">\n\t\t<div class=\"mkdf-eh-item-content mkdf-eh-custom-341271\" style=\"padding: 21px 32% 0 32%\">\n\t\t\t\n<h6 class=\"mkdf-custom-font-holder\" style=\"color: #ffffff\">\nLorem ipsum dolor sit amet This is Photoshop\u2019s version of Lorem Ipsn gravida. Ing business like this takes much more effort than doing your own.<\/h6>\t\t<\/div>\n\t<\/div>\n<\/div><\/div>[vc_row_inner content_width=\u00bbgrid\u00bb css=\u00bb.vc_custom_1479477716544{padding-top: 40px !important;}\u00bb][vc_column_inner css=\u00bb.vc_custom_1479477730160{margin-bottom: -57px !important;}\u00bb]<div class=\"mkdf-carousel-holder clearfix mkdf-carousel-three-rows mkdf-carousel-boxed mkdf-carousel-navigation\"><div class=\"mkdf-carousel \"  data-items=\"3\" data-navigation=\"yes\"><div class=\"mkdf-carousel-item-outer-holder\"><div class=\"mkdf-carousel-item-holder\">\n    <div class=\"mkdf-carousel-item-image\">\n                    <a href=\"#\" target=\"_self\">\n                                                    <\/a>\n            <\/div>\n            <div class=\"mkdf-carousel-description\">\n            <h5 class=\"mkdf-carousel-title\">EIFFEL TOWER<\/h5>\n            <p class=\"mkdf-carousel-text\"><\/p>\n        <\/div>\n    <\/div><\/div><div class=\"mkdf-carousel-item-outer-holder\"><div class=\"mkdf-carousel-item-holder\">\n    <div class=\"mkdf-carousel-item-image\">\n                    <a href=\"#\" target=\"_self\">\n                                                    <\/a>\n            <\/div>\n            <div class=\"mkdf-carousel-description\">\n            <h5 class=\"mkdf-carousel-title\">TOWER BRIDGE<\/h5>\n            <p class=\"mkdf-carousel-text\"><\/p>\n        <\/div>\n    <\/div><\/div><div class=\"mkdf-carousel-item-outer-holder\"><div class=\"mkdf-carousel-item-holder\">\n    <div class=\"mkdf-carousel-item-image\">\n                    <a href=\"#\" target=\"_self\">\n                                                    <\/a>\n            <\/div>\n            <div class=\"mkdf-carousel-description\">\n            <h5 class=\"mkdf-carousel-title\">SIDNEY OPERA HOUSE<\/h5>\n            <p class=\"mkdf-carousel-text\"><\/p>\n        <\/div>\n    <\/div><\/div><div class=\"mkdf-carousel-item-outer-holder\"><div class=\"mkdf-carousel-item-holder\">\n    <div class=\"mkdf-carousel-item-image\">\n                    <a href=\"#\" target=\"_self\">\n                                                    <\/a>\n            <\/div>\n            <div class=\"mkdf-carousel-description\">\n            <h5 class=\"mkdf-carousel-title\">LONDON EYE<\/h5>\n            <p class=\"mkdf-carousel-text\"><\/p>\n        <\/div>\n    <\/div><\/div><div class=\"mkdf-carousel-item-outer-holder\"><div class=\"mkdf-carousel-item-holder\">\n    <div class=\"mkdf-carousel-item-image\">\n                    <a href=\"#\" target=\"_self\">\n                                                    <\/a>\n            <\/div>\n            <div class=\"mkdf-carousel-description\">\n            <h5 class=\"mkdf-carousel-title\">THE PANTHEON<\/h5>\n            <p class=\"mkdf-carousel-text\"><\/p>\n        <\/div>\n    <\/div><\/div><div class=\"mkdf-carousel-item-outer-holder\"><div class=\"mkdf-carousel-item-holder\">\n    <div class=\"mkdf-carousel-item-image\">\n                    <a href=\"#\" target=\"_self\">\n                                                    <\/a>\n            <\/div>\n            <div class=\"mkdf-carousel-description\">\n            <h5 class=\"mkdf-carousel-title\">SPACE NEEDLE<\/h5>\n            <p class=\"mkdf-carousel-text\"><\/p>\n        <\/div>\n    <\/div><\/div><\/div><\/div>[\/vc_column_inner][\/vc_row_inner][\/vc_column][\/vc_row]<\/p>\n","protected":false},"excerpt":{"rendered":"<p>[vc_row][vc_column][rev_slider_vc alias=\u00bbken-burns\u00bb][\/vc_column][\/vc_row][vc_row content_width=\u00bbgrid\u00bb css=\u00bb.vc_custom_1481211601221{padding-top: 119px !important;padding-bottom: 71px !important;}\u00bb][vc_column offset=\u00bbvc_col-md-6&#8243;][vc_column_text] About Us [\/vc_column_text][vc_empty_space height=\u00bb15&#8243;][vc_column_text]This is Photoshop&#8217;s version\u00a0 of Lorem Ipsum. Proin gravida nibh vel velit auctor aliquet. Aenean sollicitudin, lorem quis bibendum auctor, nisi elit consequat ipsum, nec sagittis sem nibh id elit. Duis sed odio sit amet nibh vulputate cursus a sit amet mauris. Morbi accumsan ipsum velit. Nam nec tellus a odio tincidunt auctor a ornare odio. Sed non\u00a0 mauris vitae erat consequat auctor eu in elit. Class aptent taciti sociosqu ad litora.[\/vc_column_text][vc_empty_space height=\u00bb50&#8243;][\/vc_column][vc_column offset=\u00bbvc_col-md-6&#8243;][vc_column_text] Our Mission [\/vc_column_text][vc_empty_space height=\u00bb15&#8243;][vc_column_text]Nam [&hellip;]<\/p>\n","protected":false},"author":1,"featured_media":0,"parent":0,"menu_order":0,"comment_status":"closed","ping_status":"closed","template":"full-width.php","meta":{"footnotes":""},"class_list":["post-4727","page","type-page","status-publish","hentry"],"jetpack_sharing_enabled":true,"_links":{"self":[{"href":"https:\/\/www.rutasecoturisticas.com\/index.php\/wp-json\/wp\/v2\/pages\/4727","targetHints":{"allow":["GET"]}}],"collection":[{"href":"https:\/\/www.rutasecoturisticas.com\/index.php\/wp-json\/wp\/v2\/pages"}],"about":[{"href":"https:\/\/www.rutasecoturisticas.com\/index.php\/wp-json\/wp\/v2\/types\/page"}],"author":[{"embeddable":true,"href":"https:\/\/www.rutasecoturisticas.com\/index.php\/wp-json\/wp\/v2\/users\/1"}],"replies":[{"embeddable":true,"href":"https:\/\/www.rutasecoturisticas.com\/index.php\/wp-json\/wp\/v2\/comments?post=4727"}],"version-history":[{"count":0,"href":"https:\/\/www.rutasecoturisticas.com\/index.php\/wp-json\/wp\/v2\/pages\/4727\/revisions"}],"wp:attachment":[{"href":"https:\/\/www.rutasecoturisticas.com\/index.php\/wp-json\/wp\/v2\/media?parent=4727"}],"curies":[{"name":"wp","href":"https:\/\/api.w.org\/{rel}","templated":true}]}}