{"id":1373,"date":"2016-04-12T10:45:38","date_gmt":"2016-04-12T10:45:38","guid":{"rendered":"http:\/\/gotravel.mikado-themes.com\/?page_id=1373"},"modified":"2016-04-12T10:45:38","modified_gmt":"2016-04-12T10:45:38","slug":"testimonials","status":"publish","type":"page","link":"https:\/\/www.rutasecoturisticas.com\/index.php\/elements\/testimonials\/","title":{"rendered":"Testimonials"},"content":{"rendered":"<p>[vc_row content_aligment=\u00bbcenter\u00bb css=\u00bb.vc_custom_1479730232933{padding-top: 22px !important;padding-bottom: 55px !important;}\u00bb][vc_column][vc_column_text]<\/p>\n<h2>Happy Customers<\/h2>\n<p>[\/vc_column_text][vc_empty_space height=\u00bb14px\u00bb]<div class=\"mkdf-testimonials-holder clearfix dark\"><div class=\"mkdf-testimonials testimonials-slider\" ><div id=\"mkdf-testimonials101\" class=\"mkdf-testimonial-content testimonials-slider\">\n\t<div class=\"mkdf-testimonial-content-inner\">\n\t\t<div class=\"mkdf-testimonial-text-holder\">\n\t\t\t<div class=\"mkdf-testimonial-text-inner \">\n\t\t\t\t\t\t\t\t<p class=\"mkdf-testimonial-text\">Viajar a Turqu\u00eda con mi pareja fue un sue\u00f1o hecho realidad gracias a Rutas Ecotur\u00edsticas. Todo estuvo perfectamente organizado y pudimos disfrutar sin preocupaciones. Capadocia y Estambul fueron inolvidables. \u00a1Los recomendamos totalmente!<\/p>\n\t\t\t\t\t\t\t\t\t<div class=\"mkdf-testimonial-author\">\n\t\t\t\t\t\t<h5 class=\"mkdf-testimonial-author-text \">Alejandro Mogoll\u00f3n, <\/h5>\n\t\t\t\t\t\t\t\t\t\t\t<\/div>\n\t\t\t\t\t\t\t<\/div>\n\t\t<\/div>\n\t<\/div>\n<\/div>\n<div id=\"mkdf-testimonials100\" class=\"mkdf-testimonial-content testimonials-slider\">\n\t<div class=\"mkdf-testimonial-content-inner\">\n\t\t<div class=\"mkdf-testimonial-text-holder\">\n\t\t\t<div class=\"mkdf-testimonial-text-inner \">\n\t\t\t\t\t\t\t\t<p class=\"mkdf-testimonial-text\">Nuestra experiencia en Per\u00fa con Rutas Ecotur\u00edsticas fue excelente. Machu Picchu y el Valle Sagrado fueron incre\u00edbles, y la log\u00edstica estuvo impecable. Nos sentimos acompa\u00f1ados en todo momento. Sin duda volver\u00edamos a viajar con ellos.<\/p>\n\t\t\t\t\t\t\t\t\t<div class=\"mkdf-testimonial-author\">\n\t\t\t\t\t\t<h5 class=\"mkdf-testimonial-author-text \">Gustavo Florez, <\/h5>\n\t\t\t\t\t\t\t\t\t\t\t<\/div>\n\t\t\t\t\t\t\t<\/div>\n\t\t<\/div>\n\t<\/div>\n<\/div>\n<div id=\"mkdf-testimonials99\" class=\"mkdf-testimonial-content testimonials-slider\">\n\t<div class=\"mkdf-testimonial-content-inner\">\n\t\t<div class=\"mkdf-testimonial-text-holder\">\n\t\t\t<div class=\"mkdf-testimonial-text-inner \">\n\t\t\t\t\t\t\t\t<p class=\"mkdf-testimonial-text\">Nuestro viaje familiar a Punta Cana fue maravilloso. Todo estuvo muy bien coordinado y pudimos disfrutar sin estr\u00e9s. Fue una experiencia llena de momentos especiales. \u00a1Gracias a Rutas Ecotur\u00edsticas por hacerlo posible!<\/p>\n\t\t\t\t\t\t\t\t\t<div class=\"mkdf-testimonial-author\">\n\t\t\t\t\t\t<h5 class=\"mkdf-testimonial-author-text \">Pablo Gonzalez, <\/h5>\n\t\t\t\t\t\t\t\t\t\t\t<\/div>\n\t\t\t\t\t\t\t<\/div>\n\t\t<\/div>\n\t<\/div>\n<\/div>\n<\/div><\/div>[\/vc_column][\/vc_row]<\/p>\n","protected":false},"excerpt":{"rendered":"<p>[vc_row content_aligment=\u00bbcenter\u00bb css=\u00bb.vc_custom_1479730232933{padding-top: 22px !important;padding-bottom: 55px !important;}\u00bb][vc_column][vc_column_text] Happy Customers [\/vc_column_text][vc_empty_space height=\u00bb14px\u00bb][\/vc_column][\/vc_row]<\/p>\n","protected":false},"author":1,"featured_media":0,"parent":1114,"menu_order":0,"comment_status":"closed","ping_status":"closed","template":"","meta":{"footnotes":""},"class_list":["post-1373","page","type-page","status-publish","hentry"],"jetpack_sharing_enabled":true,"_links":{"self":[{"href":"https:\/\/www.rutasecoturisticas.com\/index.php\/wp-json\/wp\/v2\/pages\/1373","targetHints":{"allow":["GET"]}}],"collection":[{"href":"https:\/\/www.rutasecoturisticas.com\/index.php\/wp-json\/wp\/v2\/pages"}],"about":[{"href":"https:\/\/www.rutasecoturisticas.com\/index.php\/wp-json\/wp\/v2\/types\/page"}],"author":[{"embeddable":true,"href":"https:\/\/www.rutasecoturisticas.com\/index.php\/wp-json\/wp\/v2\/users\/1"}],"replies":[{"embeddable":true,"href":"https:\/\/www.rutasecoturisticas.com\/index.php\/wp-json\/wp\/v2\/comments?post=1373"}],"version-history":[{"count":0,"href":"https:\/\/www.rutasecoturisticas.com\/index.php\/wp-json\/wp\/v2\/pages\/1373\/revisions"}],"up":[{"embeddable":true,"href":"https:\/\/www.rutasecoturisticas.com\/index.php\/wp-json\/wp\/v2\/pages\/1114"}],"wp:attachment":[{"href":"https:\/\/www.rutasecoturisticas.com\/index.php\/wp-json\/wp\/v2\/media?parent=1373"}],"curies":[{"name":"wp","href":"https:\/\/api.w.org\/{rel}","templated":true}]}}